 factors of i.
3
List the prime factors of (126/(-4) - 3)*(-8 + -6).
3, 7, 23
List the prime factors of -5 + 6/3 + 11010/15.
17, 43
Suppose -16*b - 18*b + 87380 = 0. List the prime factors of b.
2, 5, 257
Suppose -50*t - 9*t = -357894. What are the prime factors of t?
2, 3, 337
Let d be (-38)/(-14) + (-2)/(-7). Let o(v) = 21*v + 8. Let u be o(-1). List the prime factors of (d + -6)/3 - u.
2, 3
Let f(q) = -5*q**3 + 30*q**2 - 20*q - 26. Let r(p) = -6*p**3 + 31*p**2 - 20*p - 27. Let z(a) = 5*f(a) - 4*r(a). List the prime factors of z(25).
103
Suppose -4*g + 5 = -3*g. Suppose -12 + 0 = -4*j. Suppose -2*a + g = -j. What are the prime factors of a?
2
List the prime factors of -2*(-4 - -5)*(-81)/1.
2, 3
Let k(t) = -21*t - 8. Let w be k(-3). List the prime factors of (-4)/(-2) + w/5.
13
List the prime factors of (-3)/12*4 - (-2 - 3697).
2, 43
Suppose 0 = 7*f + 62 - 13. Let q(j) = j**2 - 10*j - 5. What are the prime factors of q(f)?
2, 3, 19
Suppose -3*i = -207 + 9. Suppose 206 = 4*a - i. What are the prime factors of a?
2, 17
Let r = 0 + 1. Let h(t) = 82*t + 1. Let n be h(r). Let b = n - 57. What are the prime factors of b?
2, 13
Let w = -16 - -16. Suppose 5*b + 4 = 2*m - m, w = -5*m + 5*b + 20. Suppose 0 = -m*s - s + 150. List the prime factors of s.
2, 3, 5
Let k(q) = -2*q - 2. Let s be k(0). Let h(i) = 15*i**2 - 10*i - 1. What are the prime factors of h(s)?
79
Let h(s) = s**2 + s + 58. Let n be h(0). Let i = n + 8. Suppose b = -b + i. What are the prime factors of b?
3, 11
Let i = 10 + -10. Suppose 2*h + i*h = 20. What are the prime factors of h?
2, 5
Let y(m) be the third derivative of m**6/120 + m**5/60 - 3*m**4/8 - m**3 - 10*m**2. Let k be y(-3). Suppose 0 = k*x - 14 - 94. What are the prime factors of x?
2, 3
List the prime factors of (1 - (-7)/(-3))*(-20178)/76.
2, 3, 59
Let f be 10 + -9 - (0 - 2). Let j(z) = -z**3 + 8*z**2 - 3*z + 3. What are the prime factors of j(f)?
3, 13
Let o(l) = 58*l**2 - 12*l - 1. What are the prime factors of o(-5)?
3, 503
Suppose -137 = -4*z + 5*l, 3*l + 93 + 6 = 3*z. Suppose 5*i - 55 = 5*m, -3*i + 0*m + 2*m = -z. List the prime factors of i.
2, 3
List the prime factors of (1 + (-4)/(-20))/((-6)/(-3080)).
2, 7, 11
Let c = -8 - -4. Suppose -14*i - 1537 = 731. What are the prime factors of c + 11/((-33)/i)?
2, 5
What are the prime factors of (-1)/(-10) + 1248912/480?
2, 1301
Suppose 2*r + 4*p - 375 = 3713, 15 = -5*p. What are the prime factors of r?
2, 5, 41
Suppose 7*s - 2*s - 20 = 0. Let o be (-2)/(-7) - s/14. Suppose h + 3*h - 108 = o. What are the prime factors of h?
3
Let m(h) = -h**3 - 17*h**2 - 28*h + 32. Let a be m(-15). Suppose -4*l + 448 = 4*z, 0 = -z - a*l + 5*l + 124. What are the prime factors of z?
5, 23
Suppose 6*f - 188 = 5*f + 3*u, -2*f + 416 = 2*u. What are the prime factors of f?
7, 29
Let n be 4/(-34) + 609/119. Suppose 2*x + 4*g - 198 = -0*g, 5*g + 465 = n*x. What are the prime factors of x?
5, 19
Let v(s) = -s**3 - s**2 + 79*s + 16. List the prime factors of v(8).
2, 3
Suppose -6765 = -7*y - 4*r, -4*y + 1181 + 2689 = -2*r. What are the prime factors of y?
967
List the prime factors of (-2229)/((-216)/32 - -6).
2, 743
Suppose 25*l - 19993 = 4982. List the prime factors of l.
3, 37
Suppose 19*u - 133 = 12*u. Suppose -v - 3 = 8. Let x = u - v. List the prime factors of x.
2, 3, 5
Suppose -10*v = -11*v + 82. Suppose -100 = -2*l + v. Suppose 2*u - 2*x + 3*x - 93 = 0, 0 = -2*u + x + l. What are the prime factors of u?
2, 23
Let d(u) be the first derivative of 5*u**3 - u**2/2 + u + 17. What are the prime factors of d(-3)?
139
Let d(a) = -1 + 1 - 3 - 4*a - a**3 - 8*a**2 + 4. What are the prime factors of d(-8)?
3, 11
Suppose -457 = -v + 7. List the prime factors of v.
2, 29
Suppose -13*c + 4926 = -2549. List the prime factors of c.
5, 23
Let l(t) = -11*t + 13. Let r(g) = 5*g - 6. Let k(f) = -6*l(f) - 13*r(f). Let i be (-30)/(-75) + (-36)/(-10). What are the prime factors of k(i)?
2
Suppose -4*u + 5 + 27 = 0. List the prime factors of (-212)/(-3) - (u/(-6) + 1).
71
Let m be 1 + -9 - 0*(-6)/(-42). Let l(s) = s**2 - 8*s. What are the prime factors of l(m)?
2
Suppose 0 = 4*l + 2*j - 530, -3*l + 394 = -0*l - 2*j. Suppose 13 = z - l. Let c = z + -87. List the prime factors of c.
2, 29
Let q be (-4)/12 - (-26)/6. Suppose -3*w + 5*a + 2 = 0, 3 + 21 = q*w + 4*a. Suppose w*h - 108 = -2*z, z - 5*z + 204 = 5*h. What are the prime factors of z?
2, 23
Suppose 0 = -18*n + 19*n. Suppose 6*k - 3*k - 183 = n. List the prime factors of k.
61
Suppose 0 = -3*j + 5*j + 244. Let t = -86 - j. List the prime factors of t.
2, 3
Let g(t) = 56*t + 149. What are the prime factors of g(21)?
5, 53
Let s = -119 + 180. List the prime factors of s.
61
Let l(t) = -t**2 - 2*t**2 + 14 + 0 + 6*t**2 + 5*t. Let d(g) = g**2 + 7*g + 7. Let f be d(-3). What are the prime factors of l(f)?
2
Let v = -26 + -15. Let s = 73 + v. What are the prime factors of s?
2
Let d = 4572 - 3152. What are the prime factors of d?
2, 5, 71
Suppose -4*w = -10*w - 12. What are the prime factors of w/8 + (-102)/(-24)?
2
Let k(l) = l**3 + 2*l**2 - 4*l - 1. Let z be k(-3). What are the prime factors of 3/z + (-1610)/(-20)?
2, 41
Suppose 78 = 3*c - 0*c. Let g = c - 26. Suppose g = 5*o - 4*o - 2. What are the prime factors of o?
2
Let t(f) be the second derivative of f**5/20 - f**4/2 - 2*f**3/3 + f**2 - 3*f. Let h be t(6). What are the prime factors of ((-3)/(-2))/((-1)/h)?
3, 11
Let q(b) be the first derivative of -b**7/60 + b**6/180 + b**5/120 - 2*b**3/3 - 5. Let k(g) be the third derivative of q(g). List the prime factors of k(-1).
3, 5
List the prime factors of ((-24)/36*-9)/((-1)/(-15)).
2, 3, 5
Suppose 0*q = q. Let t be 2 - (-1 - q) - -2. Suppose 36 = -n + 2*n - t*l, -l + 144 = 4*n. List the prime factors of n.
2, 3
Let l(w) = -5*w**2 - 2*w + 2. Let y be l(2). Let m = -25 - y. List the prime factors of 6 - ((-6)/m + 0).
2
Let i(g) = g**3 + 18*g**2 + 4*g - 127. List the prime factors of i(-15).
2, 61
Let q be (-23037)/(-105) + 2/(-5). Suppose -q = -3*a - 3*c, -a + 149 = a + 5*c. What are the prime factors of a?
2, 3
Suppose 2*y + 1 = -u, y + 0*y = -u + 3. Let g(r) = 3*r**2 - 12*r + 23. What are the prime factors of g(u)?
2, 43
Suppose 3*i - 3*s - 2 - 1 = 0, 4*i - 8 = 2*s. Let w = i - -2. Let v = w - -1. What are the prime factors of v?
2, 3
Let n = -1624 - -3326. What are the prime factors of n?
2, 23, 37
Suppose -4*h = 4 + 16. Let j(o) = -2*o - 9. Let y be j(h). Suppose -y = 5*f - 41. What are the prime factors of f?
2
Let s = 15 - 2. List the prime factors of (-45)/(-2) - s/26.
2, 11
Suppose 0 = 4*m + 5*b - 51, 0 = -5*m - b + 41 + 28. Let t(f) = -1 - m + 5*f + f**3 - 4*f - 7*f**2. What are the prime factors of t(8)?
3, 19
Let b(n) = 234*n**2 - 2*n - 6. What are the prime factors of b(-2)?
2, 467
Suppose 0 = 2*m - 3*m + 8. Let z(g) be the third derivative of -g**5/60 + 5*g**4/12 + g**3/3 - 7*g**2. List the prime factors of z(m).
2, 3
Let l(c) = 9*c + 7. Let w(p) = -17*p - 14. Let s(r) = 11*l(r) + 6*w(r). List the prime factors of s(-6).
11
Suppose 6 = 3*n - o, 2*n - n - 2 = 3*o. List the prime factors of 355*(n - (-36)/(-20)).
71
Suppose -2767 = -19*t + 11084. List the prime factors of t.
3
Let o(j) be the first derivative of -4*j + 0*j**3 + 7 - 1/4*j**4 + 0*j**2. List the prime factors of o(-2).
2
Let m = 1124 - 776. What are the prime factors of m?
2, 3, 29
Let u(r) = 6 - 5 + 5*r + 8*r - 6*r. List the prime factors of u(3).
2, 11
Let h = 242 + -169. Let k = -2 + h. What are the prime factors of k?
71
What are the prime factors of 1/3*1857 - 8?
13, 47
Let b(p) = 396*p**3 - 13*p**2 + 6. What are the prime factors of b(2)?
2, 7, 223
Let q be (11 - 8)/(3/8). Let f be 3 + 4/q*0. Suppose 149 = f*j + 11. What are the prime factors of j?
2, 23
Let h(b) = -b**3 - 9*b**2 - 2*b + 1. Suppose 4*a + 2 = u, 2*u - a = -8 - 2. Let o = u + -3. What are the prime factors of h(o)?
19
Suppose 5*r + 4*y + 0 + 1 = 0, -4*y = -3*r - 7. List the prime factors of 12 + 59 - (r + 1).
71
Let o(j) = 4*j - 17. Let d be o(8). Let x = -12 + d. What are the prime factors of (-108 - 0)/(-3) + x?
3, 13
Let o(t) = 37*t + 5. Let v be o(-5). Suppose 5*a + f + 14 = 0, 5*a - 6*f = -2*f + 6. List the prime factors of (v/42)/(a/14).
2, 3, 5
Suppose 0 = -23*i + 24*i - 141. List the prime factors of i.
3,